nder when y(-1) is divided by 11.
9
Let b(t) = -7*t - 2. Let a be ((-4)/2)/(-2) + -4. What is the remainder when 55 is divided by b(a)?
17
Suppose 8*m = 3*m + 5. Let j = -13 - m. Let g = j + 48. What is the remainder when g is divided by 12?
10
Let j(a) = -36*a - 10. Calculate the remainder when j(-1) is divided by 5.
1
Let z(v) = -7*v + 3. Let x be z(5). Let o = -23 - x. What is the remainder when 25 is divided by o?
7
Suppose 91 - 10 = 9*x. What is the remainder when 133 is divided by x?
7
Let j(a) = -a**2 - 5*a - 4. Let r(i) = -i**2 + 6*i - 6. Let f be r(4). Suppose -h = -f*h - 3. What is the remainder when j(h) is divided by 2?
0
Let t(r) = r**2 + 2*r - 1. What is the remainder when t(-7) is divided by 12?
10
Suppose -2 - 1 = -l. Let j = 7 + -11. Let x = j + 9. Calculate the remainder when x is divided by l.
2
Let s(d) = 2*d**2 - 7*d + 5. What is the remainder when s(8) is divided by 10?
7
Let h = -1 + 5. Suppose -5*p - 28 = -h*o, -2*p - 16 = 2*p. Suppose o*s - 48 = -2*s. Calculate the remainder when 35 is divided by s.
11
Let b be (-46)/(-6)*(11 - 2). Suppose -2*g = -5*u - b, 5*u = -2*g - g - 84. What is the remainder when 34 is divided by (u + 0)*(-4)/5?
10
Let n(x) = -12*x. Let z be n(1). Let k = 2 - z. What is the remainder when 53 is divided by k?
11
Suppose 0 = 3*s + 3*r - 15 - 42, r = 3*s - 53. Suppose -h - 3*d = -3, 6*h = h - 4*d - s. What is the remainder when (-225)/h - 1/(-2) is divided by 10?
8
Suppose 9 = 4*p - 23. Let b(o) = o**3 - 9*o**2 + 11*o - 12. What is the remainder when 23 is divided by b(p)?
11
Let s(i) = 29*i + 24*i - 5 - 52*i. Suppose -4*d + 10 = 2*l, -d - 6 = -l + 2. What is the remainder when l is divided by s(10)?
2
Let a(f) = 9*f**2 - 1. Let v(q) be the second derivative of q**4/6 - q**3/6 + 3*q**2/2 + 3*q. Calculate the remainder when a(2) is divided by v(3).
17
Let a = -32 + 47. Let y = 52 + -24. Calculate the remainder when y is divided by a.
13
Let v = 5 - 3. Suppose 3*a + l = v*a + 12, -4*a + 50 = 5*l. Calculate the remainder when 37 is divided by a.
7
Let t = -16 + 42. Let r = t + -6. Calculate the remainder when r is divided by 7.
6
Let h(f) = f**3 - 10*f**2 + 3*f - 12. Calculate the remainder when 34 is divided by h(10).
16
Suppose 4*z + 2 = 3*g - 1, 4*z - 4*g + 8 = 0. Let s(q) = q + 1 - 3 + z + 3. Calculate the remainder when 28 is divided by s(6).
8
Let s(u) = 2*u**2 - 3*u - 4. Let p be s(-4). Calculate the remainder when (8/5)/(2/p) is divided by 11.
10
Suppose -6*z = 5*u - 4*z - 6, -12 = -3*u + 3*z. Suppose b - 3*b = -u. What is the remainder when 14 - (-2 + 3)/b is divided by 5?
3
Suppose 5*p - 3 - 7 = 0. Suppose 0 = c - p - 13. Calculate the remainder when 28 is divided by c.
13
Let x(w) = w**3 - 3*w**2 - 3*w + 5. Calculate the remainder when 61 is divided by x(4).
7
Suppose -5*x + i + 51 = 0, -i + 12 = 2*i. Calculate the remainder when 19 is divided by x.
8
Let s = -189 - -315. Calculate the remainder when s is divided by 43.
40
Let x(t) = -t**3 + 7*t**2 + 8*t - 9. Calculate the remainder when x(7) is divided by 10.
7
What is the remainder when 21 is divided by (-8 + 1)*(-48)/28?
9
Suppose 0 = h - 0*h - 5, 2*h = s - 31. What is the remainder when 160 is divided by s?
37
Let d(r) = -19*r - 8. Let m be d(-9). Let v be m/(-3 + (6 - 2)). Suppose 5*g = -53 + v. Calculate the remainder when g is divided by 12.
10
Let z = 19 - -29. Calculate the remainder when z is divided by 17.
14
Let s(l) = -l**2 - 5*l + 8. Let x be s(-7). Let b(m) be the third derivative of -m**4/12 - m**3/6 - 3*m**2. Calculate the remainder when b(x) is divided by 4.
3
Let u(x) = 2*x**2 - 22*x - 4. What is the remainder when 36 is divided by u(12)?
16
Let z(f) be the first derivative of -f**4/4 + 2*f**3/3 + f - 2. What is the remainder when (0 + -2)/6*-6 is divided by z(2)?
0
Let p(h) = -h**2 - 14*h - 25. What is the remainder when 41 is divided by p(-10)?
11
What is the remainder when (105/(-10))/((-2)/4) is divided by 12?
9
Let b = -11 - -30. Let a(p) = -4*p + 12. Calculate the remainder when a(-11) is divided by b.
18
Suppose 0 = 6*w - 70 - 50. Calculate the remainder when 39 is divided by w.
19
Let i = 9 - 5. Suppose i*r - 2*r = -3*y + 47, 4*y + 129 = 5*r. Calculate the remainder when r is divided by 9.
7
Let i be 7/(14/(-12))*-1. Suppose m - i*m - 84 = -4*l, 0 = -5*l - 5*m + 150. What is the remainder when l is divided by (-69)/(-5) - (-4)/20?
12
Suppose 9 = 3*b - 0. Suppose 2*i = 3*i - 5*n - 26, 4*i - 70 = b*n. Calculate the remainder when 29 is divided by i.
13
Suppose 22*z = 19*z + 45. Let q = 23 - -4. Calculate the remainder when q is divided by z.
12
Let h(o) = 3*o - 45. What is the remainder when 70 is divided by h(23)?
22
Let f be (-9)/(-12)*4 + 81. Suppose 15*l = 11*l + f. What is the remainder when 83 is divided by l?
20
Suppose 153 = 3*c + 6*c. Calculate the remainder when 66 is divided by c.
15
Let z(j) = j + 2. Let t(h) = 2*h + 3. Let m(q) = -3*t(q) + 5*z(q). Suppose 0 = -2*p + 3 + 3, -y + 10 = 5*p. Calculate the remainder when 17 is divided by m(y).
5
Let s(r) = -r**2 - 11*r + 14. Let v be s(-12). Suppose 4*l + k = 36, 3 = 2*k - 5. What is the remainder when 21/(v + -4 - -3) is divided by l?
5
Let l = 34 + -22. What is the remainder when 116 is divided by l?
8
Let d(n) = -n**3 - 3*n**2 - 2*n. What is the remainder when d(-4) is divided by 14?
10
Suppose 0 = -3*k + 5 + 7. Suppose 14 = 3*a + 38. Let y(i) = i + 14. Calculate the remainder when y(a) is divided by k.
2
Let y = 1 - -3. Suppose -16 = -y*p - 0*p. Suppose 3*n - 33 = 4*k, 50 = 5*n - k - 5. Calculate the remainder when n is divided by p.
3
Suppose 0 = 7*w - 5*w - 2. Let f = -18 + 30. What is the remainder when -6 + 3 + w + 47 is divided by f?
9
Suppose 2*j + j = 0. Suppose 2*n = -j*n + 3*l + 11, 0 = n + 5*l - 12. Calculate the remainder when 13 is divided by n.
6
Let n(o) be the second derivative of 7*o**3/3 - o**2/2 - 3*o. Calculate the remainder when n(2) is divided by 14.
13
Suppose -47 = -5*f + 3*u - 16, -23 = -3*f + 4*u. What is the remainder when (-2 - 21/(-12))/(3/(-156)) is divided by f?
3
Let o(q) = -q**3 - 7*q**2 - 8*q - 8. Let c = -83 + 85. Calculate the remainder when o(-6) is divided by c.
0
What is the remainder when 9 is divided by 4/(-6)*(-1 - 5)?
1
Let p be ((-2)/(-6))/(1/21). Suppose 0 = -3*h + p*h - 68. Suppose 0 = a - 2*o + o - 31, o = 0. Calculate the remainder when a is divided by h.
14
Suppose 0 = -2*i + 4*i - 76. Let j = -27 + i. Suppose 0 = -2*c + l + l + 54, -4*c = -5*l - 103. What is the remainder when c is divided by j?
10
Suppose -128 - 115 = -t. Suppose -2*o - o + t = 0. What is the remainder when o is divided by 21?
18
Suppose 3*u - 3*l - 30 = 0, 4*u + 3*l + 2*l = 40. Suppose -m = 4 - 18. What is the remainder when m is divided by (-1)/(2 - 22/u)?
4
Let x(j) = j**3 - 2*j**2 + 2*j + 60. Calculate the remainder when x(0) is divided by 7.
4
Let c(n) = 119*n - 5. Let y be c(-3). What is the remainder when 4/(-18) - y/9 is divided by 21?
19
What is the remainder when 47 is divided by (0 + (-4)/(-10))/(32/1280)?
15
Let z = 99 - 70. Let w = -2 + 5. Suppose w*f - 4*f + 10 = 0. What is the remainder when z is divided by f?
9
Suppose -8*w = -3*w + 55. What is the remainder when (-2)/w - (-370)/22 is divided by 10?
7
Let a = 43 + 28. Let o = a + -41. What is the remainder when o is divided by 8?
6
Let m = -66 - -91. Calculate the remainder when m is divided by 13.
12
Let u be (2 + 3/(-3))*9. Let o = 1 + u. Suppose -m - s = 2, 5*s + 8 = -m - o. Calculate the remainder when m is divided by 2.
0
Suppose 0 = -t - 2*m + 12, -3*m = -4*t + 14 + 34. Let x(h) = 11*h**2 - h + 1. What is the remainder when x(-2) is divided by t?
11
Let q = 25 - 9. Let u = -6 + q. What is the remainder when u is divided by ((-17)/5 - -3)*-15?
4
Suppose -f = -2, s = -5*f + 41 - 14. Let m(h) = h**2 + 2*h + 2. Let q be m(-2). Suppose a + q = 8. Calculate the remainder when s is divided by a.
5
Suppose 2*h - 24 = -4*g, 2*g = -2*h - 0*g + 30. Calculate the remainder when h is divided by 5.
3
Suppose 4*w = -2*y + 182, -3*w - 61 = -y + w. Calculate the remainder when y is divided by 17.
13
Suppose h - 75 = -5*n, 2*n + 0*n = -3*h + 186. What is the remainder when h is divided by 21?
18
Let n(a) = a + 12. Let d(s) = -s - 12. Let k(w) = -5*d(w) - 4*n(w). What is the remai